ided by 408697?
7
Calculate the remainder when 445972 is divided by 19380.
232
What is the remainder when 36214 is divided by 11714?
1072
What is the remainder when 28536 is divided by 4753?
18
What is the remainder when 40631190 is divided by 80?
70
Calculate the remainder when 14871737 is divided by 1222.
1219
What is the remainder when 1754250 is divided by 584749?
3
Calculate the remainder when 29402352 is divided by 4216.
4184
Calculate the remainder when 26939460 is divided by 482.
480
Calculate the remainder when 9122491 is divided by 4561234.
23
Calculate the remainder when 7391687 is divided by 47.
44
Calculate the remainder when 105968051 is divided by 35322682.
5
Calculate the remainder when 13738058 is divided by 78057.
26
Calculate the remainder when 84051988 is divided by 8.
4
Calculate the remainder when 105677 is divided by 35162.
191
Calculate the remainder when 818710 is divided by 86.
76
What is the remainder when 12646739 is divided by 9?
2
Calculate the remainder when 174742 is divided by 12455.
372
Calculate the remainder when 3245372 is divided by 1081764.
80
Calculate the remainder when 643243 is divided by 321593.
57
What is the remainder when 228908 is divided by 13268?
3352
Calculate the remainder when 30032 is divided by 14747.
538
Calculate the remainder when 4104347 is divided by 326.
7
What is the remainder when 15714958 is divided by 146?
102
Calculate the remainder when 44262 is divided by 2530.
1252
Calculate the remainder when 2593835 is divided by 1192.
43
What is the remainder when 392895 is divided by 553?
265
What is the remainder when 14778669 is divided by 43?
42
Calculate the remainder when 914581 is divided by 215.
186
Calculate the remainder when 7598068 is divided by 2532688.
4
What is the remainder when 224349 is divided by 59?
31
Calculate the remainder when 291220 is divided by 32.
20
What is the remainder when 124442 is divided by 5603?
1176
Calculate the remainder when 2920743 is divided by 7606.
39
What is the remainder when 878510 is divided by 987?
80
Calculate the remainder when 23641 is divided by 7644.
709
Calculate the remainder when 2753907 is divided by 50.
7
What is the remainder when 43485 is divided by 10820?
205
What is the remainder when 203387 is divided by 1065?
1037
What is the remainder when 10235911 is divided by 10235894?
17
What is the remainder when 399118 is divided by 39911?
8
What is the remainder when 2582425 is divided by 590?
585
What is the remainder when 1878231 is divided by 1709?
40
Calculate the remainder when 22653016 is divided by 2967.
2938
Calculate the remainder when 1255384 is divided by 4104.
3664
Calculate the remainder when 65189412 is divided by 62.
8
Calculate the remainder when 70757 is divided by 1234.
419
What is the remainder when 791352 is divided by 32973?
0
What is the remainder when 250002 is divided by 19151?
1039
Calculate the remainder when 10061434 is divided by 160.
154
What is the remainder when 526293 is divided by 2530?
53
What is the remainder when 458392 is divided by 19?
17
What is the remainder when 1994919 is divided by 699?
672
Calculate the remainder when 11638370 is divided by 424.
418
Calculate the remainder when 282329 is divided by 21710.
99
What is the remainder when 3459973 is divided by 3502?
3499
Calculate the remainder when 308760 is divided by 308670.
90
Calculate the remainder when 15939073 is divided by 7.
3
What is the remainder when 505668 is divided by 234?
228
Calculate the remainder when 61846275 is divided by 2827.
2823
What is the remainder when 31934815 is divided by 227?
1
Calculate the remainder when 1009428 is divided by 2804.
2792
Calculate the remainder when 11188472 is divided by 1407.
8
What is the remainder when 156073 is divided by 16900?
3973
Calculate the remainder when 1236940 is divided by 409314.
8998
Calculate the remainder when 6683117 is divided by 3341554.
9
Calculate the remainder when 61008 is divided by 4603.
1169
Calculate the remainder when 283737 is divided by 1923.
1056
What is the remainder when 56746000 is divided by 5479?
5476
Calculate the remainder when 437295 is divided by 27329.
31
What is the remainder when 268612 is divided by 134306?
0
Calculate the remainder when 24362 is divided by 9813.
4736
Calculate the remainder when 3679384 is divided by 459892.
248
Calculate the remainder when 388526 is divided by 293.
8
Calculate the remainder when 2507126 is divided by 66.
50
Calculate the remainder when 1513891 is divided by 108130.
71
Calculate the remainder when 1604551 is divided by 267325.
601
Calculate the remainder when 220465 is divided by 55115.
5
What is the remainder when 301130406 is divided by 22?
16
Calculate the remainder when 11331 is divided by 9057.
2274
Calculate the remainder when 7096595 is divided by 6577.
12
What is the remainder when 2507211 is divided by 21429?
18
What is the remainder when 798518 is divided by 42013?
271
What is the remainder when 8000043 is divided by 152?
131
What is the remainder when 747851 is divided by 614?
613
Calculate the remainder when 5350006 is divided by 41.
39
What is the remainder when 151146 is divided by 3985?
3701
Calculate the remainder when 33890 is divided by 5120.
3170
Calculate the remainder when 23009544 is divided by 14.
12
Calculate the remainder when 1522034 is divided by 562.
138
Calculate the remainder when 6323478 is divided by 1053887.
156
Calculate the remainder when 4585224 is divided by 503.
379
What is the remainder when 179668 is divided by 631?
464
Calculate the remainder when 37550994 is divided by 2980.
14
Calculate the remainder when 1197047 is divided by 127.
72
What is the remainder when 32208 is divided by 8025?
108
What is the remainder when 1005766852 is divided by 8945?
8942
What is the remainder when 198061 is divided by 656?
605
What is the remainder when 27971975 is divided by 6630?
5
What is the remainder when 2497671 is divided by 1211?
589
What is the remainder when 323211 is divided by 215?
66
Calculate the remainder when 2439684 is divided by 156.
0
Calculate the remainder when 14345468 is divided by 595.
18
Calculate the remainder when 135312 is divided by 2218.
14
Calculate the remainder when 8883663 is divided by 57.
42
What is the remainder when 6577506 is divided by 2192500?
6
Calculate the remainder when 2178383 is divided by 834.
809
Calculate the remainder when 4116641 is divided by 316.
109
Calculate the remainder when 270501 is divided by 6440.
21
Calculate the remainder when 19881347 is divided by 445.
82
What is the remainder when 19326579 is divided by 11?
8
What is the remainder when 8605780 is divided by 1450?
30
What is the remainder when 7098928 is divided by 2413?
2295
Calculate the remainder when 1352115 is divided by 70.
65
Calculate the remainder when 134703 is divided by 5178.
75
Calculate the remainder when 15459402 is divided by 1367.
1366
What is the remainder when 15233303 is divided by 137?
136
Calculate the remainder when 2079227242 is divided by 85.
82
What is the remainder when 2422795 is divided by 1200?
1195
Calculate the remainder when 125440 is divided by 2481.
1390
Calculate the remainder when 329574 is divided by 47029.
371
What is the remainder when 17223394 is divided by 23?
5
What is the remainder when 5089863 is divided by 2105?
2078
What is the remainder when 2674300 is divided by 944?
892
Calculate the remainder when 177210 is divided by 971.
488
What is the remainder when 16532164 is divided by 483?
40
What is the remainder when 21966 is divided by 5155?
1346
What is the remainder when 1593340 is divided by 23?
15
What is the remainder when 217568 is divided by 497?
379
Calculate the remainder when 8929070 is divided by 8929067.
3
What is the remainder when 147584 is divided by 1461?
23
What is the remainder when 97705373 is divided by 1305?
23
What is the remainder when 430695 is divided by 429807?
888
What is the remainder when 788866 is divided by 4064?
450
What is the remainder when 367462 is divided by 367288?
174
Calculate the remainder when 32035528 is divided by 49.
14
Calculate the remainder when 814752 is divided by 516.
504
Calculate the remainder when 2116959 is divided by 1256.
599
What is the remainder when 682473 is divided 